{"id":624,"date":"2018-05-23T15:57:07","date_gmt":"2018-05-23T13:57:07","guid":{"rendered":"https:\/\/www.friedenshaus-kambodscha.org\/?page_id=624"},"modified":"2018-06-17T20:53:07","modified_gmt":"2018-06-17T18:53:07","slug":"datenschutz-der-facebook-gruppe","status":"publish","type":"page","link":"https:\/\/www.friedenshaus-kambodscha.org\/?page_id=624","title":{"rendered":"Datenschutz der Facebook-Gruppe"},"content":{"rendered":"<div class=\"page\" title=\"Page 1\">\n<div class=\"section\">\n<div class=\"layoutArea\">\n<div class=\"column\">\n<h2><\/h2>\n<h2>Datenschutzerkl\u00e4rung (Stand: 23.05.2018)<\/h2>\n<p>Der Verein DKG e.V. greift f\u00fcr den hier angebotenen Informationsdienst (die Facebook-Gruppe \u201cDeutsch-Kambodschanische-Gesellschaft e.V. ( House of Peace)\u201d) auf die technische Plattform und die Dienste der Facebook Ireland Ltd., 4 Grand Canal Square<br \/>\nGrand Canal Harbour, Dublin 2, Ireland zur\u00fcck.<\/p>\n<p>&nbsp;<\/p>\n<\/div>\n<\/div>\n<div class=\"layoutArea\">\n<div class=\"column\"><\/div>\n<\/div>\n<\/div>\n<\/div>\n<div class=\"layoutArea\">\n<div class=\"column\">\n<p>Wir weisen Sie darauf hin, dass Sie diese Facebook-Gruppe und ihre Funktionen in eigener Verantwortung nutzen. Dies gilt insbesondere f\u00fcr die Nutzung der interaktiven Funktionen (z.B. Kommentieren, Teilen, Bewerten). Alternativ k\u00f6nnen Sie die \u00fcber diese Gruppe angebotenen Informationen auch auf unserem Internet-Angebot unter <a href=\"https:\/\/www.friedenshaus-kambodscha.org\" target=\"_blank\" rel=\"noopener\">https:\/\/www.friedenshaus-kambodscha.org<\/a> abrufen.<\/p>\n<p>Beim Besuch unserer Facebook-Gruppe erfasst Facebook u.a Ihre IP-Adresse sowie weitere Informationen, die in Form von Cookies auf Ihrem PC vorhanden sind. Diese Informationen werden verwendet, um uns als Betreiber der Facebook-Gruppe statistische Informationen \u00fcber die Inanspruchnahme der Facebook-Gruppe zur Verf\u00fcgung zu stellen. N\u00e4here Informationen hierzu stellt Facebook unter folgendem Link zur Verf\u00fcgung:\u00a0<a href=\"http:\/\/de-de.facebook.com\/help\/pages\/insights\" target=\"_blank\" rel=\"noopener\">http:\/\/de-de.facebook.com\/help\/pages\/insights<\/a>.<\/p>\n<p>Die in diesem Zusammenhang \u00fcber Sie erhobenen Daten werden von der Facebook Ltd. verarbeitet und dabei gegebenenfalls in L\u00e4nder au\u00dferhalb der Europ\u00e4ischen Union \u00fcbertragen. Welche Informationen Facebook erh\u00e4lt und wie diese verwendet werden, beschreibt Facebook in allgemeiner Form in seinen Datenverwendungsrichtlinien. Dort finden Sie auch Informationen \u00fcber Kontaktm\u00f6glichkeiten zu Facebook sowie zu den Einstellm\u00f6glichkeiten f\u00fcr Werbeanzeigen. Die Datenverwendungsrichtlinien sind unter folgendem Link verf\u00fcgbar:<\/p>\n<p><a href=\"http:\/\/de-de.facebook.com\/about\/privacy\" target=\"_blank\" rel=\"noopener\">http:\/\/de-de.facebook.com\/about\/privacy<\/a><\/p>\n<p>Die vollst\u00e4ndigen Datenrichtlinien von Facebook finden Sie hier:<\/p>\n<p><a href=\"https:\/\/de-de.facebook.com\/full_data_use_policy\" target=\"_blank\" rel=\"noopener\">https:\/\/de-de.facebook.com\/full_data_use_policy<\/a><\/p>\n<p>In welcher Weise Facebook die Daten aus dem Besuch von Facebook-Seiten und -Gruppen f\u00fcr eigene Zwecke verwendet, in welchem Umfang Aktivit\u00e4ten auf der Facebook-Seite einzelnen Nutzern zugeordnet werden, wie lange Facebook diese Daten speichert und ob Daten aus einem Besuch der Facebook-Seite an Dritte weitergegeben werden, wird von Facebook nicht abschlie\u00dfend und klar benannt und ist uns nicht bekannt.<\/p>\n<p>Beim Zugriff auf eine Facebook-Seite wird die Ihrem Endger\u00e4te zugeteilte IP-Adresse an Facebook \u00fcbermittelt. Nach Auskunft von Facebook wird diese IP-Adresse anonymisiert (bei &#8220;deutschen&#8221; IP-Adressen) und nach 90 Tagen gel\u00f6scht. Facebook speichert dar\u00fcber hinaus Informationen \u00fcber die Endger\u00e4te seiner Nutzer (z.B. im Rahmen der Funktion\u201eAnmeldebenachrichtigung\u201c); gegebenenfalls ist Facebook damit eine Zuordnung von IP- Adressen zu einzelnen Nutzern m\u00f6glich.<\/p>\n<p>Wenn Sie als Nutzerin oder Nutzer aktuell bei Facebook angemeldet sind, befindet sich auf Ihrem Endger\u00e4t ein Cookie mit Ihrer Facebook-Kennung. Dadurch ist Facebook in der Lage nachzuvollziehen, dass Sie diese Seite aufgesucht und wie Sie sie genutzt haben. Dies gilt auch f\u00fcr alle anderen Facebook-Seiten. \u00dcber in Webseiten eingebundene Facebook-Buttons ist es Facebook m\u00f6glich, Ihre Besuche auf diesen Webseiten Seiten zu erfassen und Ihrem Facebook-Profil zuzuordnen. Anhand dieser Daten k\u00f6nnen Inhalte oder Werbung auf Sie zugeschnitten angeboten werden.<\/p>\n<\/div>\n<\/div>\n<div class=\"layoutArea\">\n<div class=\"column\">\n<p>Wenn Sie dies vermeiden m\u00f6chten, sollten Sie sich bei Facebook abmelden bzw. die Funktion &#8220;angemeldet bleiben&#8221; deaktivieren, die auf Ihrem Ger\u00e4t vorhandenen Cookies l\u00f6schen und Ihren Browser beenden und neu starten. Auf diese Weise werden Facebook-Informationen, \u00fcber die Sie unmittelbar identifiziert werden k\u00f6nnen, gel\u00f6scht. Damit k\u00f6nnen Sie unsere Facebook-Seite nutzen, ohne dass Ihre Facebook-Kennung offenbart wird. Wenn Sie auf interaktive Funktionen der Seite zugreifen (Gef\u00e4llt mir, Kommentieren, Teilen, Nachrichten etc.), erscheint eine Facebook-Anmeldemaske. Nach einer etwaigen Anmeldung sind Sie f\u00fcr Facebook erneut als bestimmte\/r Nutzerin\/Nutzer erkennbar.<\/p>\n<\/div>\n<\/div>\n<div class=\"page\" title=\"Page 3\">\n<div class=\"layoutArea\">\n<div class=\"column\">\n<p>Informationen dazu, wie Sie \u00fcber Sie vorhandene Informationen verwalten oder l\u00f6schen k\u00f6nnen, finden Sie auf folgenden Facebook Support-Seiten : <a href=\"https:\/\/de-de.facebook.com\/about\/privacy#\" target=\"_blank\" rel=\"noopener\">https:\/\/de-de.facebook.com\/about\/privacy#<\/a><\/p>\n<p>Wir als Anbieter des Informationsdienstes erheben und verarbeiten dar\u00fcber hinaus keine Daten aus Ihrer Nutzung unserer Facebook-Gruppe.<\/p>\n<p>Den Link zu dieser Datenschutzerkl\u00e4rung finden Sie in der jeweils geltenden Fassung in der Gruppenbeschreibung unserer Facebook-Gruppe.<\/p>\n<\/div>\n<\/div>\n<\/div>\n<p>&nbsp;<\/p>\n","protected":false},"excerpt":{"rendered":"<p>Datenschutzerkl\u00e4rung (Stand: 23.05.2018) Der Verein DKG e.V. greift f\u00fcr den hier angebotenen Informationsdienst (die Facebook-Gruppe \u201cDeutsch-Kambodschanische-Gesellschaft e.V. ( House of Peace)\u201d) auf die technische Plattform und die Dienste der Facebook Ireland Ltd., 4 Grand Canal Square Grand Canal Harbour, Dublin 2, Ireland zur\u00fcck. &nbsp; Wir weisen Sie darauf hin, dass Sie diese Facebook-Gruppe und ihre &#8230; <a title=\"Datenschutz der Facebook-Gruppe\" class=\"read-more\" href=\"https:\/\/www.friedenshaus-kambodscha.org\/?page_id=624\" aria-label=\"Mehr Informationen \u00fcber Datenschutz der Facebook-Gruppe\">Weiterlesen<\/a><\/p>\n","protected":false},"author":1,"featured_media":0,"parent":635,"menu_order":1200,"comment_status":"closed","ping_status":"closed","template":"","meta":{"footnotes":""},"class_list":["post-624","page","type-page","status-publish"],"_links":{"self":[{"href":"https:\/\/www.friedenshaus-kambodscha.org\/index.php?rest_route=\/wp\/v2\/pages\/624","targetHints":{"allow":["GET"]}}],"collection":[{"href":"https:\/\/www.friedenshaus-kambodscha.org\/index.php?rest_route=\/wp\/v2\/pages"}],"about":[{"href":"https:\/\/www.friedenshaus-kambodscha.org\/index.php?rest_route=\/wp\/v2\/types\/page"}],"author":[{"embeddable":true,"href":"https:\/\/www.friedenshaus-kambodscha.org\/index.php?rest_route=\/wp\/v2\/users\/1"}],"replies":[{"embeddable":true,"href":"https:\/\/www.friedenshaus-kambodscha.org\/index.php?rest_route=%2Fwp%2Fv2%2Fcomments&post=624"}],"version-history":[{"count":3,"href":"https:\/\/www.friedenshaus-kambodscha.org\/index.php?rest_route=\/wp\/v2\/pages\/624\/revisions"}],"predecessor-version":[{"id":1023,"href":"https:\/\/www.friedenshaus-kambodscha.org\/index.php?rest_route=\/wp\/v2\/pages\/624\/revisions\/1023"}],"up":[{"embeddable":true,"href":"https:\/\/www.friedenshaus-kambodscha.org\/index.php?rest_route=\/wp\/v2\/pages\/635"}],"wp:attachment":[{"href":"https:\/\/www.friedenshaus-kambodscha.org\/index.php?rest_route=%2Fwp%2Fv2%2Fmedia&parent=624"}],"curies":[{"name":"wp","href":"https:\/\/api.w.org\/{rel}","templated":true}]}}

<div class="page" title="Page 1">
<div class="section">
<div class="layoutArea">
<div class="column">
<h2></h2>
<h2>Datenschutzerklärung (Stand: 23.05.2018)</h2>
<p>Der Verein DKG e.V. greift für den hier angebotenen Informationsdienst (die Facebook-Gruppe “Deutsch-Kambodschanische-Gesellschaft e.V. ( House of Peace)”) auf die technische Plattform und die Dienste der Facebook Ireland Ltd., 4 Grand Canal Square<br />
Grand Canal Harbour, Dublin 2, Ireland zurück.</p>
<p>&nbsp;</p>
</div>
</div>
<div class="layoutArea">
<div class="column"></div>
</div>
</div>
</div>
<div class="layoutArea">
<div class="column">
<p>Wir weisen Sie darauf hin, dass Sie diese Facebook-Gruppe und ihre Funktionen in eigener Verantwortung nutzen. Dies gilt insbesondere für die Nutzung der interaktiven Funktionen (z.B. Kommentieren, Teilen, Bewerten). Alternativ können Sie die über diese Gruppe angebotenen Informationen auch auf unserem Internet-Angebot unter <a href="https://www.friedenshaus-kambodscha.org" target="_blank" rel="noopener">https://www.friedenshaus-kambodscha.org</a> abrufen.</p>
<p>Beim Besuch unserer Facebook-Gruppe erfasst Facebook u.a Ihre IP-Adresse sowie weitere Informationen, die in Form von Cookies auf Ihrem PC vorhanden sind. Diese Informationen werden verwendet, um uns als Betreiber der Facebook-Gruppe statistische Informationen über die Inanspruchnahme der Facebook-Gruppe zur Verfügung zu stellen. Nähere Informationen hierzu stellt Facebook unter folgendem Link zur Verfügung: <a href="http://de-de.facebook.com/help/pages/insights" target="_blank" rel="noopener">http://de-de.facebook.com/help/pages/insights</a>.</p>
<p>Die in diesem Zusammenhang über Sie erhobenen Daten werden von der Facebook Ltd. verarbeitet und dabei gegebenenfalls in Länder außerhalb der Europäischen Union übertragen. Welche Informationen Facebook erhält und wie diese verwendet werden, beschreibt Facebook in allgemeiner Form in seinen Datenverwendungsrichtlinien. Dort finden Sie auch Informationen über Kontaktmöglichkeiten zu Facebook sowie zu den Einstellmöglichkeiten für Werbeanzeigen. Die Datenverwendungsrichtlinien sind unter folgendem Link verfügbar:</p>
<p><a href="http://de-de.facebook.com/about/privacy" target="_blank" rel="noopener">http://de-de.facebook.com/about/privacy</a></p>
<p>Die vollständigen Datenrichtlinien von Facebook finden Sie hier:</p>
<p><a href="https://de-de.facebook.com/full_data_use_policy" target="_blank" rel="noopener">https://de-de.facebook.com/full_data_use_policy</a></p>
<p>In welcher Weise Facebook die Daten aus dem Besuch von Facebook-Seiten und -Gruppen für eigene Zwecke verwendet, in welchem Umfang Aktivitäten auf der Facebook-Seite einzelnen Nutzern zugeordnet werden, wie lange Facebook diese Daten speichert und ob Daten aus einem Besuch der Facebook-Seite an Dritte weitergegeben werden, wird von Facebook nicht abschließend und klar benannt und ist uns nicht bekannt.</p>
<p>Beim Zugriff auf eine Facebook-Seite wird die Ihrem Endgeräte zugeteilte IP-Adresse an Facebook übermittelt. Nach Auskunft von Facebook wird diese IP-Adresse anonymisiert (bei &#8220;deutschen&#8221; IP-Adressen) und nach 90 Tagen gelöscht. Facebook speichert darüber hinaus Informationen über die Endgeräte seiner Nutzer (z.B. im Rahmen der Funktion„Anmeldebenachrichtigung“); gegebenenfalls ist Facebook damit eine Zuordnung von IP- Adressen zu einzelnen Nutzern möglich.</p>
<p>Wenn Sie als Nutzerin oder Nutzer aktuell bei Facebook angemeldet sind, befindet sich auf Ihrem Endgerät ein Cookie mit Ihrer Facebook-Kennung. Dadurch ist Facebook in der Lage nachzuvollziehen, dass Sie diese Seite aufgesucht und wie Sie sie genutzt haben. Dies gilt auch für alle anderen Facebook-Seiten. Über in Webseiten eingebundene Facebook-Buttons ist es Facebook möglich, Ihre Besuche auf diesen Webseiten Seiten zu erfassen und Ihrem Facebook-Profil zuzuordnen. Anhand dieser Daten können Inhalte oder Werbung auf Sie zugeschnitten angeboten werden.</p>
</div>
</div>
<div class="layoutArea">
<div class="column">
<p>Wenn Sie dies vermeiden möchten, sollten Sie sich bei Facebook abmelden bzw. die Funktion &#8220;angemeldet bleiben&#8221; deaktivieren, die auf Ihrem Gerät vorhandenen Cookies löschen und Ihren Browser beenden und neu starten. Auf diese Weise werden Facebook-Informationen, über die Sie unmittelbar identifiziert werden können, gelöscht. Damit können Sie unsere Facebook-Seite nutzen, ohne dass Ihre Facebook-Kennung offenbart wird. Wenn Sie auf interaktive Funktionen der Seite zugreifen (Gefällt mir, Kommentieren, Teilen, Nachrichten etc.), erscheint eine Facebook-Anmeldemaske. Nach einer etwaigen Anmeldung sind Sie für Facebook erneut als bestimmte/r Nutzerin/Nutzer erkennbar.</p>
</div>
</div>
<div class="page" title="Page 3">
<div class="layoutArea">
<div class="column">
<p>Informationen dazu, wie Sie über Sie vorhandene Informationen verwalten oder löschen können, finden Sie auf folgenden Facebook Support-Seiten : <a href="https://de-de.facebook.com/about/privacy#" target="_blank" rel="noopener">https://de-de.facebook.com/about/privacy#</a></p>
<p>Wir als Anbieter des Informationsdienstes erheben und verarbeiten darüber hinaus keine Daten aus Ihrer Nutzung unserer Facebook-Gruppe.</p>
<p>Den Link zu dieser Datenschutzerklärung finden Sie in der jeweils geltenden Fassung in der Gruppenbeschreibung unserer Facebook-Gruppe.</p>
</div>
</div>
</div>
<p>&nbsp;</p>

<p>Datenschutzerklärung (Stand: 23.05.2018) Der Verein DKG e.V. greift für den hier angebotenen Informationsdienst (die Facebook-Gruppe “Deutsch-Kambodschanische-Gesellschaft e.V. ( House of Peace)”) auf die technische Plattform und die Dienste der Facebook Ireland Ltd., 4 Grand Canal Square Grand Canal Harbour, Dublin 2, Ireland zurück. &nbsp; Wir weisen Sie darauf hin, dass Sie diese Facebook-Gruppe und ihre &#8230; <a title="Datenschutz der Facebook-Gruppe" class="read-more" href="https://www.friedenshaus-kambodscha.org/?page_id=624" aria-label="Mehr Informationen über Datenschutz der Facebook-Gruppe">Weiterlesen</a></p>
